 7255?
5, 1451
List the prime factors of 879.
3, 293
What are the prime factors of 6837?
3, 43, 53
List the prime factors of 351.
3, 13
What are the prime factors of 47175?
3, 5, 17, 37
List the prime factors of 10329.
3, 11, 313
List the prime factors of 12240.
2, 3, 5, 17
List the prime factors of 164.
2, 41
What are the prime factors of 10654?
2, 7, 761
What are the prime factors of 153873?
3, 41, 139
List the prime factors of 24973.
13, 17, 113
What are the prime factors of 10300?
2, 5, 103
List the prime factors of 40295.
5, 8059
List the prime factors of 55.
5, 11
What are the prime factors of 621?
3, 23
List the prime factors of 524.
2, 131
List the prime factors of 1018.
2, 509
What are the prime factors of 384?
2, 3
What are the prime factors of 5700?
2, 3, 5, 19
What are the prime factors of 57900?
2, 3, 5, 193
What are the prime factors of 130403?
7, 13, 1433
List the prime factors of 3126.
2, 3, 521
List the prime factors of 1629.
3, 181
What are the prime factors of 152?
2, 19
List the prime factors of 5839.
5839
List the prime factors of 902.
2, 11, 41
List the prime factors of 735.
3, 5, 7
What are the prime factors of 53264?
2, 3329
List the prime factors of 3712.
2, 29
What are the prime factors of 2321?
11, 211
What are the prime factors of 65174?
2, 32587
List the prime factors of 20091.
3, 37, 181
What are the prime factors of 956?
2, 239
What are the prime factors of 4328?
2, 541
List the prime factors of 1553.
1553
What are the prime factors of 10566?
2, 3, 587
What are the prime factors of 55380?
2, 3, 5, 13, 71
What are the prime factors of 1383?
3, 461
What are the prime factors of 12?
2, 3
List the prime factors of 31092.
2, 3, 2591
List the prime factors of 6307.
7, 17, 53
List the prime factors of 4256.
2, 7, 19
List the prime factors of 8497.
29, 293
List the prime factors of 1026.
2, 3, 19
List the prime factors of 8255.
5, 13, 127
What are the prime factors of 891?
3, 11
List the prime factors of 10700.
2, 5, 107
List the prime factors of 7120.
2, 5, 89
List the prime factors of 1657.
1657
What are the prime factors of 4264?
2, 13, 41
What are the prime factors of 17795?
5, 3559
List the prime factors of 6954.
2, 3, 19, 61
What are the prime factors of 11036?
2, 31, 89
What are the prime factors of 3158?
2, 1579
What are the prime factors of 3585?
3, 5, 239
List the prime factors of 8273.
8273
What are the prime factors of 2561?
13, 197
List the prime factors of 91939.
91939
What are the prime factors of 8307?
3, 13, 71
List the prime factors of 22751.
22751
List the prime factors of 153292.
2, 19, 2017
List the prime factors of 58588.
2, 97, 151
What are the prime factors of 923?
13, 71
What are the prime factors of 866?
2, 433
What are the prime factors of 8941?
8941
What are the prime factors of 727?
727
List the prime factors of 4457.
4457
List the prime factors of 1265.
5, 11, 23
What are the prime factors of 372?
2, 3, 31
What are the prime factors of 81874?
2, 13, 47, 67
What are the prime factors of 24440?
2, 5, 13, 47
What are the prime factors of 4179?
3, 7, 199
What are the prime factors of 63840?
2, 3, 5, 7, 19
What are the prime factors of 23785?
5, 67, 71
List the prime factors of 3032.
2, 379
List the prime factors of 784.
2, 7
List the prime factors of 298.
2, 149
What are the prime factors of 1111?
11, 101
List the prime factors of 71621.
11, 17, 383
List the prime factors of 4063.
17, 239
List the prime factors of 47678.
2, 31, 769
List the prime factors of 207914.
2, 7, 14851
What are the prime factors of 4654?
2, 13, 179
What are the prime factors of 56741?
23, 2467
What are the prime factors of 944?
2, 59
What are the prime factors of 1798?
2, 29, 31
List the prime factors of 1610.
2, 5, 7, 23
What are the prime factors of 909?
3, 101
List the prime factors of 84.
2, 3, 7
List the prime factors of 502.
2, 251
What are the prime factors of 42117?
3, 101, 139
List the prime factors of 2002.
2, 7, 11, 13
List the prime factors of 27846.
2, 3, 7, 13, 17
What are the prime factors of 114462?
2, 3, 6359
What are the prime factors of 37448?
2, 31, 151
What are the prime factors of 7110?
2, 3, 5, 79
List the prime factors of 13081.
103, 127
List the prime factors of 26094.
2, 3, 4349
What are the prime factors of 95969?
19, 5051
List the prime factors of 2555.
5, 7, 73
List the prime factors of 7567.
7, 23, 47
List the prime factors of 14308.
2, 7, 73
What are the prime factors of 52702?
2, 13, 2027
What are the prime factors of 5488?
2, 7
What are the prime factors of 60348?
2, 3, 47, 107
What are the prime factors of 1397?
11, 127
List the prime factors of 7256.
2, 907
List the prime factors of 663.
3, 13, 17
What are the prime factors of 8193?
3, 2731
What are the prime factors of 3393?
3, 13, 29
List the prime factors of 97.
97
List the prime factors of 32315.
5, 23, 281
What are the prime factors of 22278?
2, 3, 47, 79
List the prime factors of 18144.
2, 3, 7
What are the prime factors of 6955?
5, 13, 107
What are the prime factors of 31557?
3, 67, 157
What are the prime factors of 6385?
5, 1277
List the prime factors of 6160.
2, 5, 7, 11
List the prime factors of 104267.
127, 821
What are the prime factors of 6933?
3, 2311
List the prime factors of 4550.
2, 5, 7, 13
List the prime factors of 2535.
3, 5, 13
What are the prime factors of 1270?
2, 5, 127
What are the prime factors of 20157?
3, 6719
List the prime factors of 4793.
4793
What are the prime factors of 19260?
2, 3, 5, 107
What are the prime factors of 3126?
2, 3, 521
What are the prime factors of 25814?
2, 12907
List the prime factors of 1907.
1907
List the prime factors of 68902.
2, 47, 733
List the prime factors of 5838.
2, 3, 7, 139
What are the prime factors of 9794?
2, 59, 83
List the prime factors of 8068.
2, 2017
List the prime factors of 8214.
2, 3, 37
What are the prime factors of 1802?
2, 17, 53
List the prime factors of 3881.
3881
What are the prime factors of 349?
349
What are the prime factors of 1685?
5, 337
What are the prime factors of 90867?
3, 7, 4327
What are the prime factors of 26902?
2, 13451
List the prime factors of 11465.
5, 2293
List the prime factors of 32180.
2, 5, 1609
What are the prime factors of 5062?
2, 2531
List the prime factors of 36.
2, 3
What are the prime factors of 5447?
13, 419
List the prime factors of 1076.
2, 269
What are the prime factors of 93?
3, 31
List the prime factors of 967.
967
What are the prime factors of 627?
3, 11, 19
List the prime factors of 18241.
17, 29, 37
What are the prime factors of 809?
809
List the prime factors of 120.
2, 3, 5
List the prime factors of 1466.
2, 733
What are the prime factors of 1153?
1153
List the prime factors of 1930.
2, 5, 193
List the prime factors of 88595.
5, 13, 29, 47
What are the prime factors of 387?
3, 43
What are the prime factors of 555?
3, 5, 37
List the prime factors of 16331.
7, 2333
List the prime factors of 1793.
11, 163
List the prime factors of 19065.
3, 5, 31, 41
What are the prime factors of 68044?
2, 17011
List the prime factors of 59485.
5, 11897
What are the prime factors of 1733?
1733
What are the prime factors of 13382?
2, 6691
What are the prime factors of 6873?
3, 29, 79
List the prime factors of 779.
19, 41
What are the prime factors of 5181?
3, 11, 157
List the prime factors of 23303.
7, 3329
List the prime factors of 840.
2, 3, 5, 7
List the prime factors of 53139.
3, 17713
What are the prime factors of 129427?
29, 4463
List the prime factors of 90349.
7, 12907
List the prime factors of 45442.
2, 22721
List the prime factors of 10653.
3, 53, 67
List the prime factors of 3626.
2, 7, 37
What are the prime factors of 19985?
5, 7, 571
What are the prime factors of 58?
2, 29
What are the prime factors of 1050?
2, 3, 5, 7
List the prime factors of 1174.
2, 587
What are the prime factors of 2739?
3, 11, 83
List the prime factors of 16303.
7, 17, 137
What are the prime factors of 1109?
1109
What are the prime factors of 13337?
13337
What are the prime factors of 15667?
15667
List the prime factors of 142.
2, 71
What are the prime factors of 7937?
7937
What are the prime factors of 83712?
2, 3, 109
What are the prime factors of 13452?
2, 3, 19, 59
List the prime factors of 1627.
1627
List the prime factors of 5219.
17, 307
L